hest common factor of j and d?
9
Let a(i) = i**3 + 13*i**2 - 16*i - 25. Let v be a(-14). Suppose 5*k + 11 = 6*k. Let y be (-2)/k + (-2394)/(-99). What is the highest common factor of v and y?
3
Let t be 1 - (-5)/((-25)/(-145)). Let h = -22 - 3. Let w be 1*3*h/(-5). Calculate the highest common divisor of w and t.
15
Suppose -2*s + 5*s - 4*o + 116 = 0, -5*o = 5*s + 240. Let r = -46 - s. Let d be 108 + r + -4 + 6. What is the greatest common divisor of d and 12?
12
Let l be ((-1)/(-5) - 60/(-75)) + 69. Suppose 50 = 4*t - l. What is the greatest common factor of t and 10?
10
Let r be -14*(-12)/42*1. Suppose r*c = k + 1626, 3*k - k = 2*c - 816. Calculate the highest common divisor of c and 14.
14
Let z = -116 - -88. Let j be 14/(z/8 - -4). Calculate the greatest common divisor of j and 42.
14
Let u = 63 + -13. Suppose -3*j - 51 = -3*g - 396, 475 = 4*j - g. Let q = j - u. Calculate the highest common factor of 105 and q.
35
Let x(y) = 5*y**2 - 159*y - 10. Let n be x(32). What is the highest common factor of 5984 and n?
22
Suppose 10 = 5*u, -2*u = -2*p + p + 26996. What is the highest common divisor of 216 and p?
216
Suppose -n + 5*x = -8224, -2*x = 185*n - 183*n - 16448. Calculate the greatest common divisor of n and 8.
8
Let r(y) = -89*y**3 + 4*y**2 + 5*y + 2. Suppose -3*t = 4*g + 17, 9*g = 7*g + 5*t + 11. Let m be r(g). Calculate the greatest common factor of m and 80.
80
Suppose 3*i + 4*y = 45528, -9*i + 5*i + 60642 = -5*y. What is the greatest common divisor of 64 and i?
64
Let o(q) be the second derivative of 5*q**3/6 + 12*q**2 - 13*q. Let i be o(-6). Let p be (-261)/(-10) + i/60. Calculate the highest common divisor of p and 13.
13
Let a(i) = -2*i**3 - 2*i**2 + 4*i. Let x be a(-4). Let h(f) = f + 8. Let w be 18/(2 - 1/10*5). Let z be h(w). Calculate the highest common factor of x and z.
20
Suppose -2327 - 8179 = -o + 4*d, 52626 = 5*o - 4*d. Calculate the highest common divisor of o and 135.
135
Suppose -2147 = -26*j - 847. What is the highest common divisor of 575 and j?
25
Let i = 14767 - 14762. Calculate the highest common factor of i and 9925.
5
Suppose -a - 4933 = 10*y - 14*y, 0 = -2*a + 14. Calculate the greatest common factor of y and 65.
65
Suppose -109*i - 16940 = -153*i. Suppose -381 + 161 = -2*s. What is the highest common divisor of i and s?
55
Suppose 26*b = 184 - 54. Let p = 6 - 18. Let d be (-222)/(p/2) + b. What is the greatest common factor of d and 28?
14
Let x be ((-6086)/6)/((-207)/378 + (-6)/(-28)). What is the greatest common factor of 51 and x?
17
Suppose -3*w = -s - 14, 0 = w - 2*s + 2 - 0. Suppose -5*r + 1628 = 4*l, -808 - 1194 = -5*l + 2*r. Calculate the highest common factor of l and w.
6
Suppose 116*f + 34653 = 119*f + 3*r, 5*f + 3*r = 57753. Calculate the greatest common factor of f and 63.
21
Suppose -2*r - 1125 = -1289. Let s = 253 + r. What is the greatest common divisor of s and 134?
67
Suppose 5*l - 141 = 3*q, 3*l - 5*q + 621 = 680. Calculate the highest common divisor of 2717 and l.
11
Let i = 39 + 69. Let f be -2 + -2 + (7 - -1) + -2. Suppose i = 2*z + f*z. What is the greatest common factor of z and 27?
27
Let a(b) be the first derivative of -b**4/4 + 10*b**3/3 - b**2 + 8*b + 24. Let z be a(12). Let t = z + 591. Calculate the highest common divisor of t and 41.
41
Let d be 42/(-112) + (-291)/(-8). Let s(q) = -q**2 + 12*q + 38. Let c be s(14). Suppose 286 - 3526 = -c*h. What is the highest common divisor of h and d?
36
Suppose 183*s - 71020 = 311*s - 262*s. Calculate the greatest common factor of s and 1330.
10
Suppose -5*l = 2*x - 15723, -73*l + 77*l + 15678 = 2*x. What is the highest common factor of 235 and x?
47
Let a be -2 - -13 - 13/13. Calculate the highest common divisor of a and 86.
2
Suppose 0 = -33*i + 115*i - 155800. Calculate the greatest common factor of 125 and i.
25
Let i(c) = 80*c + 1014. Let u be i(-7). What is the highest common factor of u and 227?
227
Let u(p) = -p**3 + 28*p**2 - 101*p + 30. Let x be u(7). What is the highest common divisor of 1958 and x?
22
Suppose -2*u - 67 = -3*u. Let p be u/2 + 1/2. Suppose -21*x = 2*r - 20*x - 108, 24 = 4*x. Calculate the greatest common divisor of r and p.
17
Suppose 27 = -5*a + 2, 8*z - 13609 = -3*a. Let k = z - 1131. What is the greatest common divisor of k and 44?
44
Suppose -5*i + 150 = -815. Let z = i - 186. Calculate the highest common divisor of z and 21.
7
Let l = -6897 - -6928. Let k = -86 + 334. Calculate the highest common divisor of l and k.
31
Let a(j) = 4*j**2 + 46*j + 195. Let i be a(-6). What is the highest common factor of 1218 and i?
21
Suppose -4*w + 4 = -104. Let o = w + -22. Suppose 3*h = 24 + 141. Calculate the highest common divisor of o and h.
5
Let s = 5 - -52. What is the highest common factor of s and 285?
57
Let r = 33 - 29. Suppose 1336 = r*i + 96. Calculate the highest common factor of i and 30.
10
Let m be (9/(-6))/((-3)/8960*7). Calculate the greatest common factor of 128 and m.
128
Suppose 2*r - 3*c - 1185 = 0, 14*r - 19*r + 2937 = c. Suppose 0 = -4*s - 3*s + r. What is the highest common factor of 231 and s?
21
Let x be 7 + ((-30)/6 - 20). Let p be 15*(120/x)/(-5). Suppose 2*t = -3*l + 11, 2*l + t = -2*l + 18. Calculate the highest common factor of p and l.
5
Let z be (-3 + (-26)/(-4) - 1)*118. Suppose -3*g = -355 + z. Let f = 12 - 2. What is the highest common factor of g and f?
10
Let r(m) = -89*m**3 + 4*m**2 + 13*m + 66. Let p be r(-6). Calculate the greatest common factor of p and 12.
12
Suppose 4*z - 2*n - 10 = 0, -z + 12 = 2*n + 2. Let r be 78 - (13 + (-28)/z). What is the greatest common factor of 96 and r?
24
Let g = -21 + 27. Let k(q) = 9*q**2 - 2*q + 13. Let h be k(4). Let m = h - 101. Calculate the greatest common divisor of m and g.
6
Suppose -56 = 4*r - 2*r. Let n = 55 + r. Suppose 0 = 12*h - 3*h - n. Calculate the highest common divisor of 12 and h.
3
Let d = -31 + 35. Suppose d*c - 5 = 15. Suppose 0 = -4*k - 8, 0 = -2*n + n - c*k + 8. Calculate the highest common divisor of 144 and n.
18
Let y be (-3)/(-8) - ((-338205)/5320 + 2/(-38)). Suppose 0 = -3*o - 2*o + 40. Calculate the greatest common divisor of o and y.
8
Suppose -22984 = -945*r + 841*r. What is the greatest common factor of r and 17901?
221
Let p(m) = -85*m. Let b be p(-2). Let v be 24/(-30)*(2 - (510/4 - -2)). Calculate the highest common factor of b and v.
34
Let u be (-4555)/(-25) + 4/(-20). Suppose -2*k - 6 = -u. Calculate the greatest common factor of 748 and k.
44
Let p be (6/4)/((-3)/(-4)). Let w = -434194 - -434348. What is the highest common divisor of w and p?
2
Suppose -2*r + 5*m + 5 = -6*r, -5*r + 4 = -4*m. Suppose k - 31 + 18 = r. Calculate the greatest common divisor of k and 1.
1
Let d(t) = 6*t - 20. Let c be d(6). Let l be ((-2)/(-3))/(c/504). Calculate the greatest common divisor of 105 and l.
21
Suppose -v + 5*v = 88. Let t(l) = -l + 11. Let r be t(17). Let w be 2 + (97/r)/((-1)/6). Calculate the greatest common factor of v and w.
11
Let w be (-638)/(-8) - ((-49)/28)/7. Let l = 3 - -2. Suppose -5*b - 2*a + 108 = 0, 0*a - l*a - 60 = -4*b. Calculate the highest common divisor of w and b.
20
Suppose -14880 = 36*i - 5*i. Let b = i + 488. Calculate the highest common divisor of b and 22.
2
Let l(s) = -s**3 + 7*s**2 + 5*s - 10. Let f be l(7). Let b be -3*(-3 - (5 + 209/(-33))). What is the highest common factor of b and f?
5
Let m = -146 - -206. Suppose c + 94 = -94. Let j = -173 - c. Calculate the highest common factor of j and m.
15
Let v(g) = -g + 1. Let l be v(1). Suppose l = -3*s - 4*u + 1087, s = -4*u + 278 + 79. What is the highest common factor of s and 146?
73
Let t(v) = 17*v**3 + 102*v**2 - 4*v + 4. Let i be t(-6). Suppose 2*x - 8 = -0*x. What is the highest common factor of x and i?
4
Let m(v) = 6*v - 27. Let s be m(6). Let f be (s/(-2))/(4*3/(-64)). Suppose -z - 600 = -6*z. Calculate the highest common factor of f and z.
24
Let l(j) = j**3 + 8*j**2 + j + 10. Let b be l(-8). Suppose 2*p = 4*d - p - 46, b*d = 5*p + 30. Calculate the highest common divisor of 110 and d.
10
Let o be ((-819)/(-11))/3 - (-110)/605. Suppose -o*z + 924 = -4*z. What is the highest common factor of z and 4?
4
Let i be -2 + ((-2 - -3)/(-1) - -9). Suppose i*m - 135 = -15. What is the greatest common factor of 8 and m?
4
Let k(l) = -61*l + 